{"id":11,"date":"2022-08-17T15:49:02","date_gmt":"2022-08-17T13:49:02","guid":{"rendered":"https:\/\/arrakiseditions.fr\/?post_type=product&#038;p=11"},"modified":"2025-10-27T11:34:35","modified_gmt":"2025-10-27T09:34:35","slug":"x-tome-1-les-joyaux-des-archanges","status":"publish","type":"product","link":"https:\/\/arrakiseditions.fr\/index.php\/product\/x-tome-1-les-joyaux-des-archanges\/","title":{"rendered":"X &#8211; Tome 1 : Les Joyaux des Archanges"},"content":{"rendered":"<p>Agir avant de r\u00e9fl\u00e9chir ? Inventer des plans \u00e0 l\u2019efficacit\u00e9 toute relative ? Se jeter la t\u00eate la premi\u00e8re dans des situations impossibles ?<\/p>\n<p>C\u2019est la sp\u00e9cialit\u00e9 du jeune ange anonyme recueilli par l\u2019archange Gabriel, tenu \u00e9loign\u00e9 du monde pendant des ann\u00e9es. Alors, \u00e9videmment, quand cette incorrigible t\u00eate br\u00fbl\u00e9e d\u00e9cide de d\u00e9couvrir le secret de ses origines, le r\u00e9sultat s\u2019annonce explosif&#8230;<\/p>\n<p>Mais la qu\u00eate de v\u00e9rit\u00e9 n\u2019est jamais facile, et, m\u00eame au Paradis, certains myst\u00e8res devraient rester enterr\u00e9s&#8230; L\u2019angelot ignore encore l\u2019ampleur de ce qu\u2019il est sur le point de d\u00e9clencher&#8230;<\/p>\n","protected":false},"excerpt":{"rendered":"<p>Agir avant de r\u00e9fl\u00e9chir ? Inventer des plans \u00e0 l\u2019efficacit\u00e9 toute relative ? Se jeter la t\u00eate la premi\u00e8re dans des<br \/>\nsituations impossibles ?<\/p>\n<p>C\u2019est la sp\u00e9cialit\u00e9 du jeune ange anonyme recueilli par l\u2019archange Gabriel, tenu \u00e9loign\u00e9 du monde pendant des ann\u00e9es. Alors, \u00e9videmment, quand cette incorrigible t\u00eate br\u00fbl\u00e9e d\u00e9cide de d\u00e9couvrir le secret de ses origines, le r\u00e9sultat s\u2019annonce explosif&#8230;<\/p>\n<p>Mais la qu\u00eate de v\u00e9rit\u00e9 n\u2019est jamais facile, et, m\u00eame au Paradis, certains myst\u00e8res devraient rester enterr\u00e9s&#8230; L\u2019angelot ignore encore l\u2019ampleur de ce qu\u2019il est sur le point de d\u00e9clencher&#8230;<\/p>\n","protected":false},"featured_media":12,"comment_status":"open","ping_status":"closed","template":"","meta":{"om_disable_all_campaigns":false,"_monsterinsights_skip_tracking":false,"_monsterinsights_sitenote_active":false,"_monsterinsights_sitenote_note":"","_monsterinsights_sitenote_category":0},"product_brand":[],"product_cat":[16],"product_tag":[],"class_list":{"0":"post-11","1":"product","2":"type-product","3":"status-publish","4":"has-post-thumbnail","6":"product_cat-fantasy","8":"first","9":"instock","10":"shipping-taxable","11":"purchasable","12":"product-type-simple"},"aioseo_notices":[],"jetpack_sharing_enabled":true,"_links":{"self":[{"href":"https:\/\/arrakiseditions.fr\/index.php\/wp-json\/wp\/v2\/product\/11","targetHints":{"allow":["GET"]}}],"collection":[{"href":"https:\/\/arrakiseditions.fr\/index.php\/wp-json\/wp\/v2\/product"}],"about":[{"href":"https:\/\/arrakiseditions.fr\/index.php\/wp-json\/wp\/v2\/types\/product"}],"replies":[{"embeddable":true,"href":"https:\/\/arrakiseditions.fr\/index.php\/wp-json\/wp\/v2\/comments?post=11"}],"wp:featuredmedia":[{"embeddable":true,"href":"https:\/\/arrakiseditions.fr\/index.php\/wp-json\/wp\/v2\/media\/12"}],"wp:attachment":[{"href":"https:\/\/arrakiseditions.fr\/index.php\/wp-json\/wp\/v2\/media?parent=11"}],"wp:term":[{"taxonomy":"product_brand","embeddable":true,"href":"https:\/\/arrakiseditions.fr\/index.php\/wp-json\/wp\/v2\/product_brand?post=11"},{"taxonomy":"product_cat","embeddable":true,"href":"https:\/\/arrakiseditions.fr\/index.php\/wp-json\/wp\/v2\/product_cat?post=11"},{"taxonomy":"product_tag","embeddable":true,"href":"https:\/\/arrakiseditions.fr\/index.php\/wp-json\/wp\/v2\/product_tag?post=11"}],"curies":[{"name":"wp","href":"https:\/\/api.w.org\/{rel}","templated":true}]}}