{"id":76,"date":"2023-04-26T00:00:30","date_gmt":"2023-04-25T22:00:30","guid":{"rendered":"https:\/\/arrakiseditions.fr\/?post_type=product&#038;p=76"},"modified":"2024-07-03T15:20:40","modified_gmt":"2024-07-03T13:20:40","slug":"precommande-abrax-kyara-ohrond","status":"publish","type":"product","link":"https:\/\/arrakiseditions.fr\/index.php\/product\/precommande-abrax-kyara-ohrond\/","title":{"rendered":"Abrax &#8211; Kyara Ohrond"},"content":{"rendered":"<p style=\"text-align: center;\">Eira Cassayre a toujours pens\u00e9 que l\u2019histoire \u00e9tait vivante&#8230; Mais elle ignorait \u00e0 quel point elle pouvait \u00eatre exasp\u00e9rante !<\/p>\n<p style=\"text-align: center;\">Depuis le d\u00e9but du chantier sur lequel travaille la jeune arch\u00e9ologue, les catastrophes s\u2019encha\u00eenent, rendant impossible toute d\u00e9couverte. Du moins, c\u2019est ce que pensait Eira, jusqu\u2019\u00e0 ce qu\u2019elle d\u00e9terre une \u00e9p\u00e9e un peu trop magique \u00e0 son go\u00fbt&#8230;<\/p>\n<p style=\"text-align: center;\">La jeune femme n\u2019a pas le choix : si elle veut sauver le chantier, elle va devoir aider l\u2019arme \u00e0 retrouver son propri\u00e9taire&#8230; Mais comment mettre la main sur un inconnu disparu depuis l\u2019\u00c2ge du Bronze ?<\/p>\n<p style=\"text-align: left;\">Le roman contient deux petits dossiers th\u00e9matiques pour permettre d&rsquo;en apprendre plus sur les notions arch\u00e9ologiques \u00e9voqu\u00e9es au cours du roman. Id\u00e9al pour s&rsquo;initier \u00e0 l&rsquo;arch\u00e9ologie tout en s&rsquo;amusant.<\/p>\n","protected":false},"excerpt":{"rendered":"<p>Eira Cassayre a toujours pens\u00e9 que l\u2019histoire \u00e9tait vivante&#8230; Mais elle ignorait \u00e0 quel point elle pouvait \u00eatre exasp\u00e9rante !<\/p>\n<p>Depuis le d\u00e9but du chantier sur lequel travaille la jeune arch\u00e9ologue, les catastrophes s\u2019encha\u00eenent, rendant impossible toute d\u00e9couverte. Du moins, c\u2019est ce que pensait Eira, jusqu\u2019\u00e0 ce qu\u2019elle d\u00e9terre une \u00e9p\u00e9e un peu trop magique \u00e0 son go\u00fbt&#8230;<\/p>\n<p>La jeune femme n\u2019a pas le choix : si elle veut sauver le chantier, elle va devoir aider l\u2019arme \u00e0 retrouver son propri\u00e9taire&#8230; Mais comment mettre la main sur un inconnu disparu depuis l\u2019\u00c2ge du Bronze ?<\/p>\n<p>Le roman contient deux petits dossiers th\u00e9matiques pour permettre d&rsquo;en apprendre plus sur les notions arch\u00e9ologiques \u00e9voqu\u00e9es au cours du roman. Id\u00e9al pour s&rsquo;initier \u00e0 l&rsquo;arch\u00e9ologie tout en s&rsquo;amusant.<\/p>\n","protected":false},"featured_media":77,"comment_status":"open","ping_status":"closed","template":"","meta":{"om_disable_all_campaigns":false,"_monsterinsights_skip_tracking":false,"_monsterinsights_sitenote_active":false,"_monsterinsights_sitenote_note":"","_monsterinsights_sitenote_category":0},"product_brand":[],"product_cat":[16],"product_tag":[],"class_list":{"0":"post-76","1":"product","2":"type-product","3":"status-publish","4":"has-post-thumbnail","6":"product_cat-fantasy","8":"first","9":"instock","10":"shipping-taxable","11":"purchasable","12":"product-type-simple"},"aioseo_notices":[],"jetpack_sharing_enabled":true,"_links":{"self":[{"href":"https:\/\/arrakiseditions.fr\/index.php\/wp-json\/wp\/v2\/product\/76","targetHints":{"allow":["GET"]}}],"collection":[{"href":"https:\/\/arrakiseditions.fr\/index.php\/wp-json\/wp\/v2\/product"}],"about":[{"href":"https:\/\/arrakiseditions.fr\/index.php\/wp-json\/wp\/v2\/types\/product"}],"replies":[{"embeddable":true,"href":"https:\/\/arrakiseditions.fr\/index.php\/wp-json\/wp\/v2\/comments?post=76"}],"wp:featuredmedia":[{"embeddable":true,"href":"https:\/\/arrakiseditions.fr\/index.php\/wp-json\/wp\/v2\/media\/77"}],"wp:attachment":[{"href":"https:\/\/arrakiseditions.fr\/index.php\/wp-json\/wp\/v2\/media?parent=76"}],"wp:term":[{"taxonomy":"product_brand","embeddable":true,"href":"https:\/\/arrakiseditions.fr\/index.php\/wp-json\/wp\/v2\/product_brand?post=76"},{"taxonomy":"product_cat","embeddable":true,"href":"https:\/\/arrakiseditions.fr\/index.php\/wp-json\/wp\/v2\/product_cat?post=76"},{"taxonomy":"product_tag","embeddable":true,"href":"https:\/\/arrakiseditions.fr\/index.php\/wp-json\/wp\/v2\/product_tag?post=76"}],"curies":[{"name":"wp","href":"https:\/\/api.w.org\/{rel}","templated":true}]}}