{"id":90,"date":"2023-11-11T16:39:36","date_gmt":"2023-11-11T14:39:36","guid":{"rendered":"https:\/\/arrakiseditions.fr\/?post_type=product&#038;p=90"},"modified":"2026-01-01T23:22:34","modified_gmt":"2026-01-01T21:22:34","slug":"offre-speciale-hunters-shade-pack-duologie","status":"publish","type":"product","link":"https:\/\/arrakiseditions.fr\/index.php\/product\/offre-speciale-hunters-shade-pack-duologie\/","title":{"rendered":"Promo de No\u00ebl ! Hunter&rsquo;s Shade &#8211; Pack duologie"},"content":{"rendered":"<p>Ann\u00e9es 4000. Les Cavaliers se l\u00e8vent. L&rsquo;Apocalypse approche. Le monde est au bord de l&rsquo;implosion. Le destin d&rsquo;Hunter, jeune guerrier orgueilleux, semble \u00e9troitement li\u00e9 \u00e0 celui de l&rsquo;humanit\u00e9 elle-m\u00eame. Les Hommes peuvent-ils \u00eatre sauv\u00e9s ? Le m\u00e9ritent-ils seulement ?<\/p>\n<p>Un magnifique cadeau pour tous les fans de romans post-apocalyptiques (\u00e0 partir de 14 ans) !<\/p>\n<p>Inclus : Hunter&rsquo;s Shade &#8211; Tome 1 : Viens et Vois ; Hunter&rsquo;s Shade &#8211; Tome 2 : Vaincs<\/p>\n","protected":false},"excerpt":{"rendered":"<p>Ann\u00e9es 4000. Les Cavaliers se l\u00e8vent. L&rsquo;Apocalypse approche. Le monde est au bord de l&rsquo;implosion. Le destin d&rsquo;Hunter, jeune guerrier orgueilleux, semble \u00e9troitement li\u00e9 \u00e0 celui de l&rsquo;humanit\u00e9 elle-m\u00eame. Les Hommes peuvent-ils \u00eatre sauv\u00e9s ? Le m\u00e9ritent-ils seulement ?<\/p>\n<p>Pour tous les fans de romans post-apocalyptiques (\u00e0 partir de 14 ans) !<\/p>\n<p>Inclus : Hunter&rsquo;s Shade &#8211; Tome 1 : Viens et Vois ; Hunter&rsquo;s Shade &#8211; Tome 2 : Vaincs<\/p>\n","protected":false},"featured_media":91,"comment_status":"open","ping_status":"closed","template":"","meta":{"om_disable_all_campaigns":false,"_monsterinsights_skip_tracking":false,"_monsterinsights_sitenote_active":false,"_monsterinsights_sitenote_note":"","_monsterinsights_sitenote_category":0},"product_brand":[],"product_cat":[16,19],"product_tag":[],"class_list":{"0":"post-90","1":"product","2":"type-product","3":"status-publish","4":"has-post-thumbnail","6":"product_cat-fantasy","7":"product_cat-post-apocalyptique","9":"first","10":"instock","11":"shipping-taxable","12":"purchasable","13":"product-type-simple"},"aioseo_notices":[],"jetpack_sharing_enabled":true,"_links":{"self":[{"href":"https:\/\/arrakiseditions.fr\/index.php\/wp-json\/wp\/v2\/product\/90","targetHints":{"allow":["GET"]}}],"collection":[{"href":"https:\/\/arrakiseditions.fr\/index.php\/wp-json\/wp\/v2\/product"}],"about":[{"href":"https:\/\/arrakiseditions.fr\/index.php\/wp-json\/wp\/v2\/types\/product"}],"replies":[{"embeddable":true,"href":"https:\/\/arrakiseditions.fr\/index.php\/wp-json\/wp\/v2\/comments?post=90"}],"wp:featuredmedia":[{"embeddable":true,"href":"https:\/\/arrakiseditions.fr\/index.php\/wp-json\/wp\/v2\/media\/91"}],"wp:attachment":[{"href":"https:\/\/arrakiseditions.fr\/index.php\/wp-json\/wp\/v2\/media?parent=90"}],"wp:term":[{"taxonomy":"product_brand","embeddable":true,"href":"https:\/\/arrakiseditions.fr\/index.php\/wp-json\/wp\/v2\/product_brand?post=90"},{"taxonomy":"product_cat","embeddable":true,"href":"https:\/\/arrakiseditions.fr\/index.php\/wp-json\/wp\/v2\/product_cat?post=90"},{"taxonomy":"product_tag","embeddable":true,"href":"https:\/\/arrakiseditions.fr\/index.php\/wp-json\/wp\/v2\/product_tag?post=90"}],"curies":[{"name":"wp","href":"https:\/\/api.w.org\/{rel}","templated":true}]}}